test common divisor of 259 and 70?
7
Calculate the greatest common factor of 55 and 1485.
55
What is the greatest common divisor of 891 and 693?
99
Calculate the greatest common factor of 78 and 96.
6
Calculate the greatest common divisor of 902 and 22.
22
Calculate the highest common factor of 162 and 567.
81
What is the highest common divisor of 145 and 116?
29
What is the highest common divisor of 98 and 22589?
49
Calculate the greatest common divisor of 896 and 420.
28
What is the greatest common factor of 55 and 40?
5
What is the highest common factor of 30042 and 18?
18
What is the highest common factor of 2415 and 1?
1
What is the highest common factor of 22 and 2?
2
Calculate the greatest common divisor of 123 and 4469.
41
What is the highest common factor of 10808 and 579?
193
What is the highest common divisor of 36 and 1684?
4
What is the greatest common factor of 1440 and 900?
180
What is the highest common divisor of 104 and 37388?
52
Calculate the highest common divisor of 110 and 40.
10
Calculate the greatest common divisor of 867 and 51.
51
What is the greatest common divisor of 14 and 4298?
14
What is the highest common divisor of 124 and 4?
4
What is the highest common divisor of 165 and 60?
15
What is the greatest common divisor of 27 and 2403?
27
What is the greatest common factor of 1121 and 76?
19
Calculate the greatest common divisor of 455 and 65.
65
Calculate the greatest common divisor of 288 and 45.
9
What is the greatest common factor of 102 and 1326?
102
What is the highest common divisor of 3702 and 6?
6
Calculate the highest common factor of 476 and 77.
7
Calculate the greatest common divisor of 25290 and 270.
90
What is the greatest common divisor of 94 and 1316?
94
What is the highest common divisor of 34 and 10999?
17
Calculate the highest common factor of 80 and 200.
40
Calculate the greatest common factor of 192 and 5504.
64
Calculate the greatest common divisor of 326 and 90302.
326
Calculate the highest common divisor of 3822 and 364.
182
What is the highest common divisor of 12 and 244?
4
Calculate the greatest common divisor of 2 and 1471.
1
Calculate the highest common divisor of 425 and 34.
17
What is the greatest common factor of 147 and 931?
49
What is the highest common divisor of 5 and 16?
1
Calculate the highest common divisor of 9418 and 2.
2
Calculate the highest common divisor of 85 and 65.
5
Calculate the greatest common divisor of 215 and 2193.
43
Calculate the greatest common factor of 38376 and 104.
104
Calculate the highest common divisor of 300 and 360.
60
What is the greatest common factor of 9025 and 25?
25
Calculate the highest common factor of 2981 and 11.
11
Calculate the greatest common divisor of 14664 and 52.
52
Calculate the greatest common factor of 336 and 15.
3
Calculate the greatest common divisor of 154 and 2002.
154
Calculate the highest common divisor of 105 and 3535.
35
What is the greatest common divisor of 5859 and 315?
63
What is the greatest common divisor of 17 and 323?
17
What is the highest common factor of 117 and 6201?
117
What is the greatest common divisor of 312 and 32?
8
What is the greatest common divisor of 68 and 116?
4
Calculate the greatest common factor of 120 and 285.
15
Calculate the greatest common factor of 642 and 6527.
107
What is the highest common divisor of 848 and 106?
106
Calculate the greatest common divisor of 56 and 138.
2
What is the greatest common factor of 20 and 652?
4
Calculate the greatest common divisor of 1152 and 396.
36
What is the greatest common divisor of 300 and 270?
30
What is the highest common divisor of 19 and 3439?
19
What is the highest common divisor of 99 and 225?
9
What is the greatest common divisor of 297 and 81?
27
What is the greatest common factor of 520 and 26?
26
What is the highest common factor of 47 and 19176?
47
Calculate the greatest common divisor of 1716 and 780.
156
What is the greatest common factor of 216 and 96?
24
Calculate the greatest common factor of 32 and 8.
8
What is the greatest common factor of 91 and 21?
7
What is the highest common factor of 14516 and 38?
38
Calculate the highest common factor of 204 and 246.
6
What is the highest common factor of 30 and 435?
15
What is the highest common divisor of 200 and 24?
8
What is the greatest common factor of 81 and 432?
27
What is the highest common divisor of 88 and 4664?
88
Calculate the greatest common divisor of 12 and 43140.
12
What is the highest common factor of 46 and 2346?
46
What is the greatest common factor of 510 and 2958?
102
What is the greatest common factor of 255 and 495?
15
Calculate the greatest common factor of 7 and 4620.
7
Calculate the greatest common divisor of 48 and 688.
16
Calculate the highest common divisor of 6080 and 475.
95
Calculate the highest common divisor of 270 and 20.
10
What is the highest common factor of 81 and 18?
9
What is the greatest common factor of 810 and 60?
30
Calculate the highest common divisor of 473 and 43.
43
Calculate the greatest common divisor of 51 and 327.
3
Calculate the highest common divisor of 70 and 390.
10
Calculate the greatest common factor of 5172 and 6.
6
Calculate the highest common divisor of 13 and 13637.
13
Calculate the greatest common factor of 1020 and 24.
12
What is the greatest common factor of 12 and 852?
12
What is the highest common factor of 156 and 6175?
13
What is the greatest common factor of 148 and 37?
37
Calculate the greatest common factor of 147 and 245.
49
Calculate the greatest common divisor of 376 and 1598.
94
Calculate the greatest common divisor of 297 and 2112.
33
Calculate the highest common divisor of 32 and 288.
32
What is the greatest common factor of 46 and 1633?
23
Calculate the greatest common divisor of 375 and 175.
25
What is the greatest common factor of 275 and 374?
11
Calculate the greatest common divisor of 12 and 28788.
12
What is the highest common factor of 2 and 2166?
2
Calculate the highest common divisor of 275 and 25.
25
Calculate the highest common factor of 286 and 55.
11
What is the greatest common factor of 7376 and 8?
8
What is the highest common factor of 1880 and 47?
47
What is the highest common divisor of 2891 and 49?
49
Calculate the highest common factor of 13 and 5018.
13
What is the highest common factor of 4061 and 31?
31
Calculate the highest common divisor of 71227 and 13.
13
Calculate the highest common factor of 16 and 200.
8
Calculate the greatest common factor of 8384 and 1310.
262
What is the greatest common factor of 64 and 56?
8
What is the greatest common factor of 24 and 600?
24
Calculate the highest common factor of 54 and 246.
6
Calculate the highest common divisor of 288 and 64.
32
Calculate the highest common factor of 165 and 165.
165
Calculate the highest common factor of 2090 and 550.
110
Calculate the greatest common factor of 324 and 732.
12
Calculate the greatest common divisor of 192 and 12.
12
What is the highest common divisor of 475 and 19?
19
What is the highest common divisor of 121 and 28919?
121
Calculate the greatest common divisor of 255 and 816.
51
Calculate the greatest common divisor of 21 and 672.
21
What is the highest common divisor of 2088 and 54?
18
What is the greatest common factor of 37 and 2146?
37
Calculate the highest common factor of 25 and 2675.
25
Calculate the greatest common divisor of 104 and 8.
8
What is the greatest common factor of 1590 and 159?
159
Calculate the highest common factor of 1253 and 112.
7
What is the greatest common divisor of 1254 and 2046?
66
Calculate the greatest common divisor of 12 and 32.
4
What is the highest common factor of 40 and 1820?
20
What is the greatest common factor of 55 and 320?
5
Calculate the highest common divisor of 40 and 1580.
20
What is the greatest common divisor of 12 and 84?
12
What is the highest common divisor of 165 and 99?
33
Calculate the greatest common divisor of 1050 and 14.
14
Calculate the highest common divisor of 108 and 212.
4
Calculate the greatest common divisor of 70465 and 85.
85
What is the highest common divisor of 4964 and 34?
34
What is the highest common factor of 8 and 28376?
8
Calculate the greatest common divisor of 84 and 189.
21
Calculate the highest common divisor of 3944 and 680.
136